 n?
2, 11, 29
Let w be ((-16)/2)/((-8)/172). Let z = w - 100. Let v = 158 - z. List the prime factors of v.
2, 43
Let d(u) = 289*u - 827. List the prime factors of d(5).
2, 3, 103
Let h = -261 + 405. Let m be 14/(-35) + h/10. Suppose 9*f + 645 = m*f. What are the prime factors of f?
3, 43
Let k = 26 + -9. Let a = -17 + k. Let l = 7 - a. List the prime factors of l.
7
Let m(r) = r**3 + 74*r**2 - 23*r + 347. What are the prime factors of m(-72)?
89, 139
Suppose -3*c - 23 = -38. Suppose c*z + 292 = 4*t - 11, -81 = -t - 4*z. List the prime factors of t.
7, 11
Let g(v) = 61*v**3 - 7*v**2 - v + 3. Let d(r) = -62*r**3 + 6*r**2 + r - 3. Let m be (-37)/7 + 24/84. Let t(h) = m*d(h) - 4*g(h). List the prime factors of t(1).
2, 3, 11
Suppose 0 = 2*s - 2 - 16. Let y be (2/6)/(s/(-81)). Let n(q) = 13*q**2 - 22*q. What are the prime factors of n(y)?
3, 61
Let o(z) = 459*z**2 - 257*z - 38. What are the prime factors of o(6)?
2, 467
What are the prime factors of 6488 + ((-6)/(-4))/((-27)/162)?
11, 19, 31
Suppose -i = -3*t + 4*i + 15, -9 = t + 3*i. Let m(n) = -n**2 + 20. Let a be m(t). Let y = 49 - a. List the prime factors of y.
29
Let b be (-1730)/15*(-3 + (-3 - -3)). Let q = b + 190. What are the prime factors of q?
2, 67
Let b(v) = v**3 + 64*v**2 + 141*v - 249. List the prime factors of b(-59).
8837
Let c be (-651)/(-12) + 3/4. Let n = -51 + c. Suppose -n*l + 11 = -121. List the prime factors of l.
3, 11
Suppose -6*l = 4*l - 20. Suppose -8*w + l*w = -9*w. Suppose w = 3*x - 11*x + 1048. What are the prime factors of x?
131
Let q(l) = -l - 5. Let k(j) = 106*j - 274. Let o(i) = k(i) - 5*q(i). List the prime factors of o(14).
3, 5, 29
Suppose 0 = 82*l - 57*l - 75. Suppose 3*m = 2*r - 577, -872 = -l*r + m - 3*m. List the prime factors of r.
2, 5, 29
Suppose 4*a + 2*w = 17118, -21425 = a - 6*a + 3*w. What are the prime factors of a?
2, 2141
Let a(c) = 529*c - 361. What are the prime factors of a(34)?
3, 5, 47
Suppose 0 = -7*c - 4 + 11. Let s be c/(-2)*(-7 + (-2)/2). Suppose 12 = s*w, l - 6*l + 4*w + 898 = 0. List the prime factors of l.
2, 7, 13
List the prime factors of ((-2)/3)/((-66)/834669).
8431
Suppose 11*f - 9 = -9. Suppose 5*t - 9*t + 804 = f. What are the prime factors of t?
3, 67
Suppose -229305 = -12*p - 79281. What are the prime factors of p?
2, 7, 19, 47
Suppose -695*i = -683*i - 48252. List the prime factors of i.
4021
Let l(j) = -116*j**3 - 12*j**2 + 24*j + 64*j**3 + 56*j**3 + 4. List the prime factors of l(7).
2, 239
Let c(w) = -5*w**2 - 20*w + 19. Let i be c(14). Let t = 2158 + i. What are the prime factors of t?
7, 131
Suppose 14580 = 10*m + 2*m. Let k = m - 505. List the prime factors of k.
2, 5, 71
Let s(d) = -3*d**3 + 36*d**2 - 3*d + 2*d**3 + 5 - 30*d**2. Let c be s(5). Let r(y) = y**2 - 15*y + 6. List the prime factors of r(c).
2, 3
Suppose -v - 5*c = -29940, 2*v = -4*c + c + 59880. What are the prime factors of v?
2, 3, 5, 499
Suppose 0*c + 4*h + 8 = -2*c, 0 = -5*c - 5*h. Suppose -5*d = c*f + 121, -3*f = -0*f + 12. List the prime factors of ((-216)/d)/(6/28).
2, 3
Let v be (-3)/((-21)/(-4)) - -12*(-5287)/1428. Suppose 4*o - 5*o - 142 = 0. List the prime factors of v/20 - (-4)/16 - o.
2, 5, 7
Suppose 11 - 3 = 2*u. Let m(n) = -9 - 3 + 11*n + 14 - 1 + 3*n**2. What are the prime factors of m(u)?
3, 31
Let u(d) = 12*d**2 - 8*d + 39. Let i(g) = 12*g**2 - 6*g + 41. Let b(z) = 4*i(z) - 3*u(z). What are the prime factors of b(-7)?
5, 127
Let j(n) = -n**3 + 7*n**2 + 42*n + 36. Let x be j(11). Suppose 68 = x*y + 12. List the prime factors of y.
2
Let w(j) = 5*j - 20*j**2 - 16*j + 6 - j**3 - 33*j + 11*j. List the prime factors of w(-19).
2, 17
Suppose 49*d = 46*d + 9. Suppose -5*p = -3*p - 1404. Suppose d*z + 6*z = p. What are the prime factors of z?
2, 3, 13
Suppose 0 = 3*c - 4*m - 80564, 5*m + 387 - 377 = 0. What are the prime factors of c?
2, 7, 137
Suppose 5*n + 5*t - 190010 = 0, 3*n - 10*t = -14*t + 114004. List the prime factors of n.
2, 3, 3167
Suppose 0*j = l + 4*j, -l + 4*j = -8. Suppose -a + 315 = -5*z + 9*z, l*a - z = 1260. What are the prime factors of a?
3, 5, 7
Let w(k) = -3 + 17*k - 3*k - 11*k - 9. Let m be w(7). List the prime factors of (-6)/27 + 38/m.
2
Let p = 4197 - 2965. List the prime factors of p.
2, 7, 11
Let a(h) = 7*h**3 - 4*h**2 + 11*h + 16. Let w(z) = 20*z**3 - 13*z**2 + 34*z + 49. Let m(f) = -17*a(f) + 6*w(f). What are the prime factors of m(12)?
2, 257
Suppose 5*p + 4*n = -89540, 2*p - 3*n + 35849 = 2*n. List the prime factors of p/(-56) + (-1)/((-21)/3).
2, 5
Suppose -6*l - 5*o = -2*l + 17, 4*o + 24 = 2*l. List the prime factors of 29 + -25 + l*139.
2, 3, 47
Let y(b) = b - 27. Let t be y(27). Suppose t*g - 32770 = -29*g. List the prime factors of g.
2, 5, 113
Suppose 0 = -z - 5*s + 6706, 234*s - 239*s = 5*z - 33570. What are the prime factors of z?
2, 23, 73
Let h = 472010 + -223135. What are the prime factors of 2/(-32) + h/176?
2, 7, 101
Suppose 66*f - 1002 = 64*f. Suppose -3*d = -f - 1182. List the prime factors of d.
3, 11, 17
Let g = -18591 - -24691. List the prime factors of g.
2, 5, 61
Let p(h) = 6*h**2 - 35*h + 58. Let f be p(-19). Let g = -1457 + f. List the prime factors of g.
2, 179
Suppose -333*z + 2*f = -330*z - 367, -4*f + 355 = 3*z. Suppose 3*i + 2*j + 163 = 0, 4*i - j + 208 = j. Let d = z - i. What are the prime factors of d?
2, 3, 29
Let q(v) = -v**2 - 15*v - 48. Let g be q(-10). Suppose 5*h - 5*r = 275, -h + 87 - 29 = -g*r. List the prime factors of h.
2, 13
What are the prime factors of 6/(-15) - 450954/(-210)?
19, 113
Let v(f) = -3*f**2 - 16*f + 11. Let w be v(-9). Let g = -58 - w. Let r = -15 + g. List the prime factors of r.
3, 5
Suppose -3091 = -l + 4*j, -3*l + 9305 = 63*j - 59*j. What are the prime factors of l?
3, 1033
Let k = 181 - 111. Suppose -3*q + k = -521. Suppose -q = -2*l - 9. What are the prime factors of l?
2, 47
Suppose 2*r - 14*x + 15*x = 8, 0 = 2*x - 4. Suppose -r*t - 656 - 5612 = -4*b, -3*b = 5*t - 4701. What are the prime factors of b?
1567
Let w(i) be the first derivative of 652*i**3/3 - 4*i**2 + 8*i - 133. What are the prime factors of w(1)?
2, 163
Suppose 4*t - 8 - 16 = 0, -4*t = -4*m + 81224. What are the prime factors of m?
2, 2539
Let a be (-1 + 0)/(0 + (0 - 1)). List the prime factors of ((-8)/(-10))/(a/475*5).
2, 19
Suppose 6 = 2*v, 3*g - 12372 - 543 = 4*v. What are the prime factors of g?
31, 139
Let v = -535 + 543. Let i(t) = 13*t**2 - 19*t + 10. List the prime factors of i(v).
2, 3, 5, 23
Let b(q) = q**3 + 28*q**2 + 39*q + 21. Let j be b(-27). What are the prime factors of (j/(-6))/((-4)/(-16))?
2, 101
Suppose 3473*g = 3461*g + 127500. List the prime factors of g.
5, 17
Let t = 23 + -3. Let d(h) = -t*h + 25 - 11 - h**2 - 2. What are the prime factors of d(-15)?
3, 29
Let k(m) = -248*m**2 - 80*m - 356. Let v(s) = -83*s**2 - 27*s - 119. Let y(l) = -3*k(l) + 8*v(l). What are the prime factors of y(-4)?
2, 5, 13
Let u = -51414 + 86835. List the prime factors of u.
3, 11807
Suppose -4*q - 2*j + 41182 = 0, 5*q - 23682 - 27778 = -5*j. What are the prime factors of q?
3, 3433
Suppose -4*r - 2*a + 14 = 0, 2*r - 8 = 3*a + 3. Suppose 0 = -3*z + 64 - r. What are the prime factors of z?
2, 5
Suppose 4*t - 61777 = 3*j + 34089, -2*j + 95856 = 4*t. What are the prime factors of t?
5, 4793
Suppose 10*p - 6 = 5*p + 3*c, 4 = p - 2*c. Suppose 3*j - 679 = -5*u + 3*u, p = -j + 2*u + 213. What are the prime factors of j?
223
Let b be 4 - (-4)/(0 + -4). Let o = 0 - b. List the prime factors of 12/(-10)*190/o.
2, 19
Let m(b) be the second derivative of 11*b**3/6 + 23*b**2/2 + 4*b. Let h be m(-11). What are the prime factors of (-24)/(-8) + h/(-2)?
2, 13
Let x(z) = z**3 + 8*z**2 + 9*z - 10. Let q be x(-6). Let p = 3 - q. Let m(w) = -3*w**3 - 11*w**2 - 3*w + 8. What are the prime factors of m(p)?
3, 41
Let a(w) = -w**2 - 21*w - 20. Let z be a(-20). Suppose v = z, q - v + 26 = -0*v. What are the prime factors of (-3)/((-98)/q + -4)?
13
Let o = -1570 - 661. Let v = -846 - o. List the prime factors of v.
5, 277
Let g = 1337 - 1340. Let c be (-1)/(1 + 1 + -3). What are the prime factors of -2 - -2 - (g*14 + c)?
41
Let t(h) = 77*h**3 - 65*h**2 + 24*h - 3. List the prime factors of t(6).
3, 17, 283
Let o = -1491 - -5346. What are the prime factors of o?
3, 5, 257
Suppose -11*d + 73*d - 349800 = -13*